{"id":934,"date":"2025-12-04T13:29:59","date_gmt":"2025-12-04T12:29:59","guid":{"rendered":"https:\/\/www.cyber-artifacts.com\/?page_id=934"},"modified":"2025-12-04T13:29:59","modified_gmt":"2025-12-04T12:29:59","slug":"widerrufsbelehrung","status":"publish","type":"page","link":"http:\/\/www.cyber-artifacts.com\/AdmiN\/widerrufsbelehrung\/","title":{"rendered":"Widerrufsbelehrung"},"content":{"rendered":"\n<h2 class=\"wp-block-heading\"><strong>Widerrufsrecht<\/strong><\/h2>\n\n\n\n<p>Sie haben das Recht, binnen <strong>14 Tagen<\/strong> ohne Angabe von Gr\u00fcnden diesen Vertrag zu widerrufen.<\/p>\n\n\n\n<p>Die Widerrufsfrist betr\u00e4gt <strong>14 Tage ab dem Tag<\/strong>, an dem Sie oder ein von Ihnen benannter Dritter, der nicht der Bef\u00f6rderer ist,<\/p>\n\n\n\n<ul class=\"wp-block-list\">\n<li>die Waren in Besitz genommen haben bzw. hat, <strong>oder<\/strong><\/li>\n\n\n\n<li>im Falle einer einheitlichen Bestellung mehrerer Waren, die getrennt geliefert werden, die letzte Ware in Besitz genommen haben bzw. hat.<\/li>\n<\/ul>\n\n\n\n<p>Bei Vertr\u00e4gen \u00fcber digitale Inhalte (Downloads), die nicht auf einem k\u00f6rperlichen Datentr\u00e4ger geliefert werden, siehe unten <strong>\u201eAusschluss bzw. vorzeitiges Erl\u00f6schen des Widerrufsrechts\u201c<\/strong>.<\/p>\n\n\n\n<hr class=\"wp-block-separator has-alpha-channel-opacity\"\/>\n\n\n\n<h2 class=\"wp-block-heading\"><strong>Um Ihr Widerrufsrecht auszu\u00fcben<\/strong>, m\u00fcssen Sie mir<\/h2>\n\n\n\n<p><strong>Thomas H\u00f6fert<\/strong><br>Am Speyerbach 20a<br>67433 Neustadt an der Weinstra\u00dfe<br>E-Mail: <strong><a>info@cyber-artifacts.com<\/a><\/strong><\/p>\n\n\n\n<p>mittels einer eindeutigen Erkl\u00e4rung (z. B. ein per Post versandter Brief oder eine E-Mail) \u00fcber Ihren Entschluss, diesen Vertrag zu widerrufen, informieren.<\/p>\n\n\n\n<p>Sie k\u00f6nnen daf\u00fcr das beigef\u00fcgte Muster-Widerrufsformular verwenden, das jedoch nicht vorgeschrieben ist.<\/p>\n\n\n\n<hr class=\"wp-block-separator has-alpha-channel-opacity\"\/>\n\n\n\n<h2 class=\"wp-block-heading\"><strong>Folgen des Widerrufs<\/strong><\/h2>\n\n\n\n<p>Wenn Sie diesen Vertrag widerrufen, habe ich Ihnen alle Zahlungen, die ich von Ihnen erhalten habe \u2013 einschlie\u00dflich der Lieferkosten (mit Ausnahme der zus\u00e4tzlichen Kosten, die sich daraus ergeben, dass Sie eine andere Art der Lieferung gew\u00e4hlt haben als die g\u00fcnstigste Standardlieferung) \u2013 unverz\u00fcglich und sp\u00e4testens binnen <strong>14 Tagen<\/strong> ab dem Tag zur\u00fcckzuzahlen, an dem die Mitteilung \u00fcber Ihren Widerruf bei mir eingegangen ist.<\/p>\n\n\n\n<p>F\u00fcr diese R\u00fcckzahlung verwende ich dasselbe Zahlungsmittel, das Sie bei der urspr\u00fcnglichen Transaktion eingesetzt haben, es sei denn, mit Ihnen wurde ausdr\u00fccklich etwas anderes vereinbart.<br>In keinem Fall werden Ihnen wegen dieser R\u00fcckzahlung Entgelte berechnet.<\/p>\n\n\n\n<hr class=\"wp-block-separator has-alpha-channel-opacity\"\/>\n\n\n\n<h2 class=\"wp-block-heading\"><strong>R\u00fccksendung der Waren<\/strong><\/h2>\n\n\n\n<p>Ich kann die R\u00fcckzahlung verweigern, bis ich die Waren wieder zur\u00fcckerhalten habe oder Sie den Nachweis erbracht haben, dass Sie die Waren zur\u00fcckgesandt haben \u2013 je nachdem, welches der fr\u00fchere Zeitpunkt ist.<\/p>\n\n\n\n<p>Sie haben die Waren unverz\u00fcglich und in jedem Fall sp\u00e4testens <strong>14 Tage<\/strong> ab dem Tag, an dem Sie mich \u00fcber den Widerruf dieses Vertrags unterrichten, zur\u00fcckzusenden oder zu \u00fcbergeben.<\/p>\n\n\n\n<p>Die Frist ist gewahrt, wenn Sie die Waren vor Ablauf der Frist absenden.<\/p>\n\n\n\n<h3 class=\"wp-block-heading\"><strong>R\u00fccksendekosten<\/strong><\/h3>\n\n\n\n<p>Sie tragen die unmittelbaren Kosten der R\u00fccksendung der Waren.<\/p>\n\n\n\n<hr class=\"wp-block-separator has-alpha-channel-opacity\"\/>\n\n\n\n<h2 class=\"wp-block-heading\"><strong>Wertersatz<\/strong><\/h2>\n\n\n\n<p>Sie m\u00fcssen f\u00fcr einen etwaigen Wertverlust der Waren nur aufkommen, wenn dieser Wertverlust auf einen zur Pr\u00fcfung der Beschaffenheit, Eigenschaften und Funktionsweise der Waren nicht notwendigen Umgang zur\u00fcckzuf\u00fchren ist.<\/p>\n\n\n\n<hr class=\"wp-block-separator has-alpha-channel-opacity\"\/>\n\n\n\n<h1 class=\"wp-block-heading\"><strong>Widerruf bei digitalen Produkten (Downloads)<\/strong><\/h1>\n\n\n\n<p>Bei digitalen Inhalten, die nicht auf einem k\u00f6rperlichen Datentr\u00e4ger geliefert werden, besteht <strong>kein Widerrufsrecht<\/strong>, wenn folgende Bedingungen erf\u00fcllt sind:<\/p>\n\n\n\n<ol class=\"wp-block-list\">\n<li>Sie haben <strong>ausdr\u00fccklich zugestimmt<\/strong>, dass mit der Ausf\u00fchrung des Vertrags vor Ablauf der Widerrufsfrist begonnen wird, <strong>und<\/strong><\/li>\n\n\n\n<li>Sie haben best\u00e4tigt, dass Sie <strong>mit Beginn der Ausf\u00fchrung Ihr Widerrufsrecht verlieren<\/strong>.<\/li>\n<\/ol>\n\n\n\n<p>In der Praxis bedeutet dies:<br>Wenn Sie im Bestellprozess ein H\u00e4kchen setzen oder einen Hinweis best\u00e4tigen, erlischt das Widerrufsrecht beim Download sofort.<\/p>\n\n\n\n<hr class=\"wp-block-separator has-alpha-channel-opacity\"\/>\n\n\n\n<h1 class=\"wp-block-heading\">Muster-<strong>Widerrufsformular<\/strong><\/h1>\n\n\n\n<p><em>(Wenn Sie den Vertrag widerrufen wollen, f\u00fcllen Sie bitte dieses Formular aus und senden es zur\u00fcck.)<\/em><\/p>\n\n\n\n<p><strong>An:<\/strong><br>Thomas H\u00f6fert<br>Am Speyerbach 20a<br>67433 Neustadt an der Weinstra\u00dfe<br>E-Mail: <a>info@cyber-artifacts.com<\/a><\/p>\n\n\n\n<p><strong>Hiermit widerrufe(n) ich\/wir den von mir\/uns abgeschlossenen Vertrag \u00fcber den Kauf der folgenden Waren \/ die Erbringung der folgenden Dienstleistung:<\/strong><\/p>\n\n\n\n<hr class=\"wp-block-separator has-alpha-channel-opacity\"\/>\n\n\n<div class=\"wp-block-jetpack-contact-form is-layout-flex wp-container-jetpack-contact-form-is-layout-2b4208ba wp-block-jetpack-contact-form-is-layout-flex\"><a href=\"http:\/\/www.cyber-artifacts.com\/AdmiN\/widerrufsbelehrung\/\" target=\"_blank\" rel=\"noopener noreferrer\">Formular einreichen.<\/a><\/div>","protected":false},"excerpt":{"rendered":"<p>Widerrufsrecht Sie haben das Recht, binnen 14 Tagen ohne Angabe von Gr\u00fcnden diesen Vertrag zu widerrufen. Die Widerrufsfrist betr\u00e4gt 14 Tage ab dem Tag, an dem Sie oder ein von Ihnen benannter Dritter, der nicht der Bef\u00f6rderer ist, Bei Vertr\u00e4gen \u00fcber digitale Inhalte (Downloads), die nicht auf einem k\u00f6rperlichen Datentr\u00e4ger geliefert werden, siehe unten \u201eAusschluss [&hellip;]<\/p>\n","protected":false},"author":1,"featured_media":0,"parent":0,"menu_order":0,"comment_status":"closed","ping_status":"closed","template":"","meta":{"_kadence_starter_templates_imported_post":false,"footnotes":""},"class_list":["post-934","page","type-page","status-publish","hentry"],"blocksy_meta":[],"jetpack_sharing_enabled":true,"_links":{"self":[{"href":"http:\/\/www.cyber-artifacts.com\/AdmiN\/wp-json\/wp\/v2\/pages\/934","targetHints":{"allow":["GET"]}}],"collection":[{"href":"http:\/\/www.cyber-artifacts.com\/AdmiN\/wp-json\/wp\/v2\/pages"}],"about":[{"href":"http:\/\/www.cyber-artifacts.com\/AdmiN\/wp-json\/wp\/v2\/types\/page"}],"author":[{"embeddable":true,"href":"http:\/\/www.cyber-artifacts.com\/AdmiN\/wp-json\/wp\/v2\/users\/1"}],"replies":[{"embeddable":true,"href":"http:\/\/www.cyber-artifacts.com\/AdmiN\/wp-json\/wp\/v2\/comments?post=934"}],"version-history":[{"count":6,"href":"http:\/\/www.cyber-artifacts.com\/AdmiN\/wp-json\/wp\/v2\/pages\/934\/revisions"}],"predecessor-version":[{"id":942,"href":"http:\/\/www.cyber-artifacts.com\/AdmiN\/wp-json\/wp\/v2\/pages\/934\/revisions\/942"}],"wp:attachment":[{"href":"http:\/\/www.cyber-artifacts.com\/AdmiN\/wp-json\/wp\/v2\/media?parent=934"}],"curies":[{"name":"wp","href":"https:\/\/api.w.org\/{rel}","templated":true}]}}